8009969?
19, 66211051
List the prime factors of 2277806811.
3, 7, 19, 53, 107713
What are the prime factors of 39893183?
11, 29, 79, 1583
List the prime factors of 45150071.
29, 911, 1709
What are the prime factors of 64584029?
6917, 9337
List the prime factors of 456463901.
2309, 197689
List the prime factors of 111637149.
3, 13, 2862491
List the prime factors of 49761555.
3, 5, 311, 10667
What are the prime factors of 14105556?
2, 3, 131, 997
What are the prime factors of 1613358253?
13, 23, 971, 5557
List the prime factors of 717599449.
7, 102514207
List the prime factors of 105504105.
3, 5, 7, 23, 79
List the prime factors of 78817815.
3, 5, 1751507
What are the prime factors of 114831013?
11, 10439183
What are the prime factors of 620017061?
620017061
List the prime factors of 83016852.
2, 3, 19, 47, 61, 127
List the prime factors of 617382644.
2, 293, 526777
What are the prime factors of 652956679?
19, 34366141
What are the prime factors of 28481491?
28481491
List the prime factors of 1679006338.
2, 569, 1475401
What are the prime factors of 30499157?
13, 2346089
What are the prime factors of 5313523343?
37, 73, 1967243
List the prime factors of 162975092.
2, 7, 5820539
List the prime factors of 32448946.
2, 16224473
List the prime factors of 3637677.
3, 17, 71327
List the prime factors of 104579384.
2, 7, 13, 143653
What are the prime factors of 1256673509?
7, 13, 19, 59, 97, 127
What are the prime factors of 338656101?
3, 7, 2303783
What are the prime factors of 8328823?
47, 177209
List the prime factors of 1434328452.
2, 3, 13280819
What are the prime factors of 59757566?
2, 11, 2716253
What are the prime factors of 54575883?
3, 29, 47, 1483
List the prime factors of 97809737.
97809737
What are the prime factors of 62649668?
2, 15662417
What are the prime factors of 4105941876?
2, 3, 19, 23, 359, 727
List the prime factors of 16727641.
7, 2389663
List the prime factors of 3491001988.
2, 523, 1668739
List the prime factors of 153497282.
2, 76748641
What are the prime factors of 163431205?
5, 7, 4669463
List the prime factors of 1954497177.
3, 217166353
List the prime factors of 2008877915.
5, 11, 36525053
List the prime factors of 1408706355.
3, 5, 7, 13416251
What are the prime factors of 349175969?
181, 1929149
List the prime factors of 35102076.
2, 3, 17, 172069
List the prime factors of 176315765.
5, 35263153
What are the prime factors of 55527782?
2, 53, 523847
List the prime factors of 633368788.
2, 13, 12180169
List the prime factors of 57047435.
5, 71, 160697
What are the prime factors of 1160047179?
3, 67, 1923793
List the prime factors of 229969725.
3, 5, 3066263
What are the prime factors of 86828369?
86828369
What are the prime factors of 599540632?
2, 17, 23, 191669
What are the prime factors of 834539406?
2, 3, 23, 31, 195077
What are the prime factors of 24699616?
2, 771863
What are the prime factors of 113230108?
2, 28307527
What are the prime factors of 293831068?
2, 587, 125141
What are the prime factors of 213599805?
3, 5, 19, 53, 79, 179
List the prime factors of 918453881.
61, 15056621
List the prime factors of 107927658.
2, 3, 109, 55009
What are the prime factors of 9401314?
2, 13, 19, 19031
List the prime factors of 129827369.
7, 53, 349939
What are the prime factors of 344804483?
344804483
List the prime factors of 1214073244.
2, 303518311
List the prime factors of 8013646460.
2, 5, 71, 5643413
List the prime factors of 28494707.
28494707
What are the prime factors of 34312326?
2, 3, 41, 101, 1381
What are the prime factors of 3229804434?
2, 3, 193, 2789123
List the prime factors of 30909998.
2, 7, 19, 29, 4007
What are the prime factors of 1787744322?
2, 3, 7, 13, 23, 6779
List the prime factors of 24742542.
2, 3, 11, 374887
List the prime factors of 1389909447.
3, 6427, 24029
List the prime factors of 4134253687.
4134253687
List the prime factors of 32247165.
3, 5, 37, 97, 599
List the prime factors of 4799169089.
11, 13, 33560623
What are the prime factors of 552341014?
2, 6551, 42157
List the prime factors of 474508529.
11, 149, 289511
List the prime factors of 15401515.
5, 3080303
List the prime factors of 117636842.
2, 113, 229, 2273
List the prime factors of 23229332.
2, 7, 16931
What are the prime factors of 142566023?
613, 232571
What are the prime factors of 87692022?
2, 3, 11, 211, 2099
List the prime factors of 9013481.
41, 191, 1151
List the prime factors of 39021926.
2, 2389, 8167
List the prime factors of 244495012.
2, 479, 127607
List the prime factors of 25220523.
3, 8406841
List the prime factors of 14357524.
2, 3589381
List the prime factors of 6534982577.
43, 151976339
What are the prime factors of 133418340?
2, 3, 5, 11, 7487
List the prime factors of 6582873848.
2, 1129, 728839
List the prime factors of 810957822.
2, 3, 193, 211, 3319
List the prime factors of 5270849393.
37, 142455389
What are the prime factors of 179381183?
457, 392519
What are the prime factors of 432775686?
2, 3, 7, 31, 332393
What are the prime factors of 22703938?
2, 11351969
What are the prime factors of 456972227?
29, 67, 479, 491
List the prime factors of 1213321619.
109, 11131391
What are the prime factors of 317791372?
2, 37, 149, 14411
List the prime factors of 742173204.
2, 3, 53, 67, 17417
List the prime factors of 127727787.
3, 11, 83, 46633
List the prime factors of 13981992.
2, 3, 31, 18793
What are the prime factors of 206938548?
2, 3, 29, 379, 523
List the prime factors of 491953671.
3, 11, 199, 24971
List the prime factors of 143556984.
2, 3, 23, 86689
List the prime factors of 433256255.
5, 659, 131489
List the prime factors of 292796830.
2, 5, 4603, 6361
What are the prime factors of 550099790?
2, 5, 641, 85819
List the prime factors of 149839718.
2, 7, 10702837
What are the prime factors of 2431317523?
2431317523
List the prime factors of 399489891.
3, 133163297
What are the prime factors of 4053904339?
811, 2063, 2423
List the prime factors of 258813072.
2, 3, 7, 97, 2647
What are the prime factors of 888207914?
2, 11, 43, 311, 3019
List the prime factors of 246432110.
2, 5, 3911, 6301
List the prime factors of 49629435.
3, 5, 83, 39863
What are the prime factors of 1893937520?
2, 5, 709, 33391
List the prime factors of 34631439.
3, 11543813
List the prime factors of 83094775.
5, 571, 5821
What are the prime factors of 150222682?
2, 2243, 33487
List the prime factors of 224238925.
5, 17, 257, 2053
What are the prime factors of 1913041781?
7, 2083, 18743
What are the prime factors of 6808247?
6808247
List the prime factors of 619915384.
2, 11, 7044493
What are the prime factors of 181386310?
2, 5, 7, 2591233
What are the prime factors of 106457813?
7, 11, 31, 103, 433
What are the prime factors of 20798485?
5, 199, 20903
List the prime factors of 39438348.
2, 3, 3286529
What are the prime factors of 98373699?
3, 109, 100279
What are the prime factors of 2826571834?
2, 2819, 501343
What are the prime factors of 102064497?
3, 34021499
List the prime factors of 271741593.
3, 79, 317, 3617
What are the prime factors of 4976515183?
4976515183
List the prime factors of 1733369639.
19, 91229981
What are the prime factors of 155743722?
2, 3, 19, 50599
List the prime factors of 26753036.
2, 17, 397, 991
What are the prime factors of 99197937?
3, 11021993
What are the prime factors of 306139686?
2, 3, 101, 505181
What are the prime factors of 7165958586?
2, 3, 1194326431
What are the prime factors of 1455688515?
3, 5, 19, 23, 222073
What are the prime factors of 28454640?
2, 3, 5, 53, 2237
What are the prime factors of 31852600?
2, 5, 13, 12251
List the prime factors of 82410361.
11, 7491851
List the prime factors of 270094768.
2, 16880923
List the prime factors of 285848577.
3, 7, 23, 197273
What are the prime factors of 616515355?
5, 241, 511631
What are the prime factors of 9870567?
3, 7, 127, 3701
What are the prime factors of 957654411?
3, 7, 2399, 19009
What are the prime factors of 1722136781?
59, 29188759
What are the prime factors of 305865178?
2, 23, 211, 31513
List the prime factors of 40021787.
13, 89, 34591
List the prime factors of 474607589.
79, 163, 36857
List the prime factors of 1154047452.
2, 3, 2341, 41081
What are the prime factors of 1398334256?
2, 11, 7945081
What are the prime fact